 z**3 - 18*z**2 - 15*z - 9. Give g(19).
67
Let p(o) = o**3 + 18*o**2 + 2. Calculate p(-18).
2
Let y(f) = -111*f - 341. Calculate y(-3).
-8
Let v(r) = -r**3 - 4*r**2 + 3*r - 7. Determine v(4).
-123
Let p(r) = r**3 + 10*r**2 - 12*r - 12. Calculate p(-11).
-1
Let l(o) = o**3 - 13*o**2 + 34*o + 8. Calculate l(8).
-40
Let o(w) = -w**3 + 5*w**2 - w + 5. Determine o(5).
0
Let o(r) = 5*r + 12. What is o(-6)?
-18
Let c(q) = -q**3 - 5*q**2 + 5*q - 3. Calculate c(-7).
60
Let z(s) = s**3 + 12*s**2 + 8*s - 46. Calculate z(-11).
-13
Let j(z) = -z**3 - 12*z**2 + 3*z + 18. Give j(-12).
-18
Let h(s) = -s**2 + 7*s - 1. What is h(6)?
5
Let r(p) = p + 5. Determine r(-8).
-3
Let o(y) = -y**2 - 11*y - 17. Calculate o(-10).
-7
Let c(q) = -q**3 - 10*q**2 + 26*q + 1. What is c(-12)?
-23
Let v(q) = -12*q + 122. Determine v(9).
14
Let b(q) = -q**3 - 18*q**2 + 26*q + 63. Determine b(-19).
-70
Let j(y) = y**2 - 23*y - 107. Calculate j(-4).
1
Let k(r) = -2*r. What is k(4)?
-8
Let w(k) = -2*k**3 + 3*k**2 - 10*k + 9. What is w(4)?
-111
Let r(x) = x + 3. Determine r(-9).
-6
Let o(c) = -30*c + 23. What is o(3)?
-67
Let l(u) = 2*u**2 + 47*u + 47. What is l(-1)?
2
Let v(p) = -p**3 + 12*p**2 - 2*p + 29. Give v(12).
5
Let q(c) = -2*c + 1. Determine q(1).
-1
Let u(k) = -58*k - 285. Give u(-5).
5
Let b(w) = -6*w - 5. What is b(0)?
-5
Let m(c) = 8*c + 69. Determine m(-10).
-11
Let j(h) = 9*h + 14. Give j(-1).
5
Let g(q) = -11*q + 3. What is g(-3)?
36
Let i(g) = -2*g**3 - 4*g**2 + 7*g - 1. Give i(-4).
35
Let f(o) = 3*o + 35. What is f(-13)?
-4
Let o(v) = v + 13. Give o(-10).
3
Let w(j) = j**2 - 9*j + 9. Calculate w(7).
-5
Let i(b) = -5*b**2 - 25*b - 4. Give i(-5).
-4
Let q(x) = -20*x - 63. Give q(-3).
-3
Let j(x) = -x**3 - 6*x**2 - 4*x + 10. Give j(-6).
34
Let d(j) = -j**3 - 2*j**2 + 7*j - 11. What is d(-4)?
-7
Let i(d) = 3*d**2 - d - 1. Calculate i(-2).
13
Let j(a) = -a**2 - 2*a + 12. Give j(-10).
-68
Let n(v) = -v**2 - 25*v - 13. Calculate n(-26).
-39
Let d(z) = z**3 + 5*z**2 + 5*z - 1. Calculate d(-4).
-5
Let k(a) = -a**2 + 76*a + 239. Calculate k(-3).
2
Let f(q) = -q**3 - 7*q**2 - 14*q - 11. Calculate f(-5).
9
Let y(v) = 16*v + 32. Determine y(-7).
-80
Let a(r) = -3*r. Determine a(-2).
6
Let d(n) = n**3 - 20*n**2 - 21*n + 5. Calculate d(21).
5
Let x(j) = -50*j + 255. What is x(5)?
5
Let h(g) = g**3 + 19*g**2 - 18*g + 25. Give h(-20).
-15
Let q(a) = -a**3 - 14*a**2 - 11*a - 3. Give q(-13).
-29
Let c(h) = h**2 + 24*h + 53. Determine c(-22).
9
Let g(l) = l**2 - 14*l + 44. Give g(7).
-5
Let d(h) = -h**2 - 11*h + 4. Calculate d(-8).
28
Let l(p) = p**2 - 13*p - 25. Calculate l(15).
5
Let p(v) = -91*v - 1. What is p(-1)?
90
Let r(q) = -q**2 - 15*q - 11. Calculate r(-14).
3
Let p(i) = -2*i - 33. Determine p(-4).
-25
Let p(v) = -103*v - 512. What is p(-5)?
3
Let s(b) = 5*b + 37. Determine s(-5).
12
Let i(y) = y**3 + 20*y**2 + 92*y + 12. What is i(-13)?
-1
Let f(a) = 32*a**3 - 2*a**2 - a. Calculate f(-1).
-33
Let c(p) = -2*p**3 - 2*p**2 + 2*p. Calculate c(2).
-20
Let h(p) = p + 3. Give h(-1).
2
Let c(p) = -25*p**2 - p + 3. Give c(-2).
-95
Let t(z) = z**2 - 8*z + 13. Give t(6).
1
Let y(d) = -d**3 + 5*d**2 - 10*d + 36. What is y(5)?
-14
Let c(n) = -n**2 - 6. Calculate c(0).
-6
Let g(u) = -4*u + 16. Determine g(8).
-16
Let t(k) = 24*k + 33. Determine t(3).
105
Let h(j) = 21*j - 28. Calculate h(2).
14
Let c(h) = -h**3 - 8*h**2 + 20*h - 17. Determine c(-10).
-17
Let g(d) = d**3 - 11*d**2 - 2*d + 19. Calculate g(11).
-3
Let z(f) = f**3 - 7*f**2 + 9*f - 6. Give z(6).
12
Let s(b) = 8*b - 24. What is s(2)?
-8
Let d(t) = t**2 + 13*t + 16. Give d(-6).
-26
Let h(f) = f**3 + 17*f**2 - 20*f - 27. What is h(-18)?
9
Let b(w) = -2*w**3 - w**2 + 11*w + 12. Determine b(-1).
2
Let t(h) = h**3 + 6*h**2 - 13*h - 68. What is t(-6)?
10
Let a(d) = -4*d + 17. Give a(-16).
81
Let v(o) = 44*o**2 + o - 1. Give v(1).
44
Let u(q) = q - 11. What is u(-10)?
-21
Let s(j) = -3*j - 10. Calculate s(-9).
17
Let p(m) = m**3 + 13*m**2 + 22*m - 1. Determine p(-11).
-1
Let z(i) = -2*i**3 + 2*i**2 + i - 1. Determine z(-2).
21
Let w(s) = -2*s**3 - s**2 - 3*s - 4. What is w(-3)?
50
Let r(h) = 8*h - 2. What is r(-7)?
-58
Let r(g) = g**3 + 2*g**2 - 6*g - 1. Calculate r(-4).
-9
Let c(v) = 173*v**3 - 5*v**2 + 2*v + 2. Calculate c(1).
172
Let y(h) = 4*h - 13. Determine y(11).
31
Let u(m) = -m**2 - 19*m - 5. Give u(-18).
13
Let b(n) = 9*n + 213. What is b(-21)?
24
Let a(h) = 2*h**3 - h**2 + 28*h + 30. What is a(-1)?
-1
Let m(q) = q**2 + 3*q + 4. Give m(0).
4
Let f(d) = d**3 - 7*d**2 + 8*d - 7. What is f(5)?
-17
Let b(p) = -p**3 + p**2 + 8*p - 7. Give b(-4).
41
Let v(z) = -15*z - 197. Calculate v(-12).
-17
Let l(k) = -9*k + 6. Determine l(8).
-66
Let s(l) = -l**3 + 10*l**2 - 11*l. Give s(9).
-18
Let w(p) = 22*p - 333. Give w(15).
-3
Let n(i) = 3*i - 29. What is n(10)?
1
Let a(q) = -2*q**3 + 5*q**2 - 2*q + 1. Determine a(3).
-14
Let k(j) = 13*j. Determine k(-2).
-26
Let m(v) = 2*v + 2. What is m(6)?
14
Let k(a) = -a**3 - 9*a**2 - 3*a - 33. Give k(-9).
-6
Let u(q) = q**3 - 9*q**2 + 9*q + 1. Determine u(8).
9
Let o(a) = a**3 - 5*a**2 - 18*a + 9. Calculate o(6).
-63
Let a(t) = -2*t - 20. What is a(29)?
-78
Let b(c) = -3*c**2 + c - 5. Give b(0).
-5
Let o(j) = j**3 - 23*j**2 - 43*j + 450. Determine o(24).
-6
Let x(y) = y**2 + 8*y - 21. Give x(-10).
-1
Let q(w) = 3*w - 22. Determine q(10).
8
Let g(f) = -2*f**2 + 30. Calculate g(-6).
-42
Let h(c) = -c**3 + 7*c**2 + 21. What is h(6)?
57
Let u(t) = -t**3 + 6*t**2 - 3*t. What is u(4)?
20
Let l(v) = v**3 - v**2 - 4*v - 5. Determine l(3).
1
Let m(q) = -q**3 - q**2 + 10*q + 15. Calculate m(-2).
-1
Let s(n) = -4*n**2 - 60*n - 11. Determine s(-15).
-11
Let x(b) = -b**3 - 15*b**2 + 19*b + 14. Determine x(-16).
-34
Let i(h) = -h**3 + 5*h**2 + 11*h - 21. Calculate i(6).
9
Let h(s) = -22*s**2. Give h(-1).
-22
Let k(q) = q**2 + 9*q - 14. Calculate k(-6).
-32
Let o(m) = 4*m + 7. Determine o(-3).
-5
Let p(r) = -r**2 - 4*r + 4. Determine p(-4).
4
Let p(t) = t**3 - 10*t**2 - 11*t + 6. What is p(11)?
6
Let r(j) = j**3 + 25*j**2 + 48*j + 56. Give r(-23).
10
Let i(n) = n**2 + 4*n - 8. Calculate i(-7).
13
Let k(m) = -2*m**2 + 5*m + 6. Give k(-1).
-1
Let s(v) = v**3 - 9*v**2 + v - 7. Determine s(9).
2
Let v(m) = 3*m**2 + 5*m - 4. Calculate v(1).
4
Let u(q) = -4*q - 65. Calculate u(-16).
-1
Let q(t) = 2*t**2 + 21*t - 22. What is q(-12)?
14
Let s(d) = d**3 - 7*d**2 - 6. Determine s(7).
-6
Let z(l) = -l**2 + 38*l - 131. Give z(4).
5
Let k(t) = -t**2 + 19*t - 9. What is k(13)?
69
Let z(u) = 5*u - 50. Give z(5).
-25
Let n(t) = 3*t + 47. Give n(-19).
-10
Let x(y) = y**3 - 5*y**2 - 5*y + 7. Calculate x(6).
13
Let j(s) = -4*s - 1. Give j(1).
-5
Let m(i) = 25*i**2 + 8*i + 3. Determine m(-2).
87
Let w(k) = k**3 + 11*k**2 + 17*k - 12. What is w(-7)?
65
Let k(y) = y. Give k(-5).
-5
Let r(c) = 10*c + 10. Calculate r(-2).
-10
Let l(p) = -6*p + 21. Determine l(6).
-15
Let w(n) = n**3 - 30*n**2 - 30*n - 19. What is w(31)?
12
Let c(m) = m**3 - 20*m**2 - 20*m - 37. What is c(21)?
-16
Let o(h) = h**2 - 9*h + 9. Give o(5).
-11
Let v(k) = -k**3 - k**2 - 2*k - 64. What is v(0)?
-64
Let u(l) = 41*l - 745. Determine u(18).
-7
Let i(b) = b**2 - 8*b - 10. What is i(-2)?
10
Let q(r) = -2*r**3 - 7*r**2 - 6*r - 5. What is q(-4)?
35
Let h(t) = t**3 - 6*t**2 + 4. What is h(6)?
4
Let t(i) = i - 18. Determine t(8).
-10
Let k(y) = 2*y**3 - 10*y**2 + 4*y + 12. What is k(6)?
108
Let l(t) = -3*t - 1. Give l(1).
-4
Let x(d) = -d**3 - d**2 + 2*d - 4. Calculate x(3).
-34
Let p(o) = -2*o + 3. Give p(-2).
7
Let f(j) = j**3 - 13*j**2 + 25*j - 26. Determine f(11).
7
Let s(q) = q + 14. Give s(-11).
3
Let v(x) = -x**3 - 6*x**2 - x + 11. Determine v(-4).
-17
Let a(k) = 11*k**3 - 2*k**2 - k. What is a(-1)?
-12
Let k(t) = -t**3 + 14*t**2 - 14*t + 23. Determine k(13).
10
Let o(x) = 10*x - 132. Determine o(12).
-12
Let n(b) = 3*b + 5. Determine n(-3).
-4
Let z(h) = h**3 - 7*h**2 + h + 18. What is z(6)?
-12
Let x(u) = -u**2 + 18*u - 13. Calculate x(18).
-13
Let b(t) = t**2 + 26*t - 33. Give b(-27).
-6
Let k(a) = a**2 - 10*a + 9. Determine k(10).
9
Let w(d) = -2*d - 44. What is w(18)?
-80
Let a(d) = -2*d**2 - 59*d + 28. What is a(-30)?
-2
Let g(k) = 14*k - 6. Calculate g(-6).
-90
Let u(v) = -31*v - 30. Calculate u(0).
-30
Let y(k) = -k**3 + 5*k**2 - 4*k + 12. Give y(5